{"id":14,"date":"2014-05-14T15:35:04","date_gmt":"2014-05-14T15:35:04","guid":{"rendered":"http:\/\/lourdesvirtual.com\/webdewp\/?page_id=14"},"modified":"2014-10-06T15:48:27","modified_gmt":"2014-10-06T14:48:27","slug":"donde-estamos","status":"publish","type":"page","link":"https:\/\/lourdesvirtual.com\/webdewp\/donde-estamos\/","title":{"rendered":"\u00bfD\u00f3nde estamos?"},"content":{"rendered":"<div class=\"field field-name-body field-type-text-with-summary field-label-hidden view-mode-full\">\n<div class=\"field-items\">\n<div class=\"field-item even\">\n<p>ENTORNO F\u00cdSICO<\/p>\n<p>El Centro est\u00e1 situado en la zona de Ciudad Jard\u00edn de A Coru\u00f1a, en un chal\u00e9 proyectado en 1927 por el arquitecto D. Leoncio Bescansa, adquirido por la Asociaci\u00f3n\u00a0 ASPRONAGA, transformado y ampliado paralelamente a la creaci\u00f3n de unidades escolares en la medida en que las necesidades de atenci\u00f3n a los alumnos as\u00ed lo requir\u00edan.<\/p>\n<p>El alumnado procede de distintas zonas de A Coru\u00f1a, y de los Ayuntamientos lim\u00edtrofes de Cambre, Oleiros, Carral, Arteixo y Laracha.<\/p>\n<p><img data-attachment-id=\"395\" data-permalink=\"https:\/\/lourdesvirtual.com\/webdewp\/donde-estamos\/fachada1\/\" data-orig-file=\"https:\/\/lourdesvirtual.com\/webdewp\/wp-content\/uploads\/2014\/05\/fachada1.jpg\" data-orig-size=\"900,600\" data-comments-opened=\"1\" data-image-meta=\"{&quot;aperture&quot;:&quot;0&quot;,&quot;credit&quot;:&quot;&quot;,&quot;camera&quot;:&quot;&quot;,&quot;caption&quot;:&quot;&quot;,&quot;created_timestamp&quot;:&quot;0&quot;,&quot;copyright&quot;:&quot;&quot;,&quot;focal_length&quot;:&quot;0&quot;,&quot;iso&quot;:&quot;0&quot;,&quot;shutter_speed&quot;:&quot;0&quot;,&quot;title&quot;:&quot;&quot;,&quot;orientation&quot;:&quot;0&quot;}\" data-image-title=\"fachada1\" data-image-description=\"\" data-image-caption=\"\" data-medium-file=\"https:\/\/lourdesvirtual.com\/webdewp\/wp-content\/uploads\/2014\/05\/fachada1-300x200.jpg\" data-large-file=\"https:\/\/lourdesvirtual.com\/webdewp\/wp-content\/uploads\/2014\/05\/fachada1.jpg\" loading=\"lazy\" class=\"alignleft wp-image-395 size-medium\" src=\"http:\/\/lourdesvirtual.com\/webdewp\/wp-content\/uploads\/2014\/05\/fachada1-300x200.jpg\" alt=\"fachada1\" width=\"300\" height=\"200\" srcset=\"https:\/\/lourdesvirtual.com\/webdewp\/wp-content\/uploads\/2014\/05\/fachada1-300x200.jpg 300w, https:\/\/lourdesvirtual.com\/webdewp\/wp-content\/uploads\/2014\/05\/fachada1.jpg 900w\" sizes=\"(max-width: 300px) 100vw, 300px\" \/>Los alumnos se benefician por esta situaci\u00f3n urbana, al poder participar de los servicios de la zona, compartiendo actividades con alumnos de centros ordinarios lo que favorece a normalizaci\u00f3n y la inclusi\u00f3n en el entorno. De una manera muy especial nos favorece la proximidad de servicios comunitarios como son el centro de Salud (Hospital Modelo), la piscina Municipal de Riazor, donde acude semanalmente una parte muy significativa de nuestro alumnado y otros servicios que facilitan el trabajo de actividades en entornos reales (cafeter\u00edas, supermercados, medios de transporte&#8230;).<\/p>\n<p>&nbsp;<\/p>\n<p>\u00bfD\u00d3NDE ESTAMOS?<\/p>\n<p>C\/PEREZ LUG\u00cdN, 10<\/p>\n<p>15011 A CORU\u00d1A<\/p>\n<p>TEL\u00c9FONO: 981 251 188<\/p>\n<p>FAX: 981 145 797<\/p>\n<\/div>\n<\/div>\n<\/div>\n<div class=\"sharedaddy sd-sharing-enabled\"><div class=\"robots-nocontent sd-block sd-social sd-social-official sd-sharing\"><h3 class=\"sd-title\">Comparte esto:<\/h3><div class=\"sd-content\"><ul><li class=\"share-facebook\"><div class=\"fb-share-button\" data-href=\"https:\/\/lourdesvirtual.com\/webdewp\/donde-estamos\/\" data-layout=\"button_count\"><\/div><\/li><li class=\"share-twitter\"><a href=\"https:\/\/twitter.com\/share\" class=\"twitter-share-button\" data-url=\"https:\/\/lourdesvirtual.com\/webdewp\/donde-estamos\/\" data-text=\"\u00bfD\u00f3nde estamos?\"  >Tweet<\/a><\/li><li class=\"share-linkedin\"><div class=\"linkedin_button\"><script type=\"in\/share\" data-url=\"https:\/\/lourdesvirtual.com\/webdewp\/donde-estamos\/\" data-counter=\"right\"><\/script><\/div><\/li><li class=\"share-pinterest\"><div class=\"pinterest_button\"><a href=\"https:\/\/www.pinterest.com\/pin\/create\/button\/?url=https%3A%2F%2Flourdesvirtual.com%2Fwebdewp%2Fdonde-estamos%2F&#038;media=http%3A%2F%2Flourdesvirtual.com%2Fwebdewp%2Fwp-content%2Fuploads%2F2014%2F05%2Ffachada1-300x200.jpg&#038;description=%C2%BFD%C3%B3nde%20estamos%3F\" data-pin-do=\"buttonPin\" data-pin-config=\"beside\"><img src=\"\/\/assets.pinterest.com\/images\/pidgets\/pinit_fg_en_rect_gray_20.png\" \/><\/a><\/div><\/li><li class=\"share-email\"><a rel=\"nofollow noopener noreferrer\" data-shared=\"\" class=\"share-email sd-button\" href=\"mailto:?subject=%5BEntrada%20compartida%5D%20%C2%BFD%C3%B3nde%20estamos%3F&body=https%3A%2F%2Flourdesvirtual.com%2Fwebdewp%2Fdonde-estamos%2F&share=email\" target=\"_blank\" title=\"Haz clic para enviar un enlace por correo electr\u00f3nico a un amigo\" data-email-share-error-title=\"\u00bfTienes un correo electr\u00f3nico configurado?\" data-email-share-error-text=\"Si tienes problemas al compartir por correo electr\u00f3nico, es posible que sea porque no tengas un correo electr\u00f3nico configurado en tu navegador. Puede que tengas que crear un nuevo correo electr\u00f3nico t\u00fa mismo.\" data-email-share-nonce=\"39703ddc41\" data-email-share-track-url=\"https:\/\/lourdesvirtual.com\/webdewp\/donde-estamos\/?share=email\"><span>Correo electr\u00f3nico<\/span><\/a><\/li><li class=\"share-end\"><\/li><\/ul><\/div><\/div><\/div>","protected":false},"excerpt":{"rendered":"<p>ENTORNO F\u00cdSICO El Centro est\u00e1 situado en la zona de Ciudad Jard\u00edn de A Coru\u00f1a, en un chal\u00e9 proyectado en 1927 por el arquitecto D. Leoncio Bescansa, adquirido por la [&hellip;]<\/p>\n<div class=\"sharedaddy sd-sharing-enabled\"><div class=\"robots-nocontent sd-block sd-social sd-social-official sd-sharing\"><h3 class=\"sd-title\">Comparte esto:<\/h3><div class=\"sd-content\"><ul><li class=\"share-facebook\"><div class=\"fb-share-button\" data-href=\"https:\/\/lourdesvirtual.com\/webdewp\/donde-estamos\/\" data-layout=\"button_count\"><\/div><\/li><li class=\"share-twitter\"><a href=\"https:\/\/twitter.com\/share\" class=\"twitter-share-button\" data-url=\"https:\/\/lourdesvirtual.com\/webdewp\/donde-estamos\/\" data-text=\"\u00bfD\u00f3nde estamos?\"  >Tweet<\/a><\/li><li class=\"share-linkedin\"><div class=\"linkedin_button\"><script type=\"in\/share\" data-url=\"https:\/\/lourdesvirtual.com\/webdewp\/donde-estamos\/\" data-counter=\"right\"><\/script><\/div><\/li><li class=\"share-pinterest\"><div class=\"pinterest_button\"><a href=\"https:\/\/www.pinterest.com\/pin\/create\/button\/?url=https%3A%2F%2Flourdesvirtual.com%2Fwebdewp%2Fdonde-estamos%2F&#038;media=http%3A%2F%2Flourdesvirtual.com%2Fwebdewp%2Fwp-content%2Fuploads%2F2014%2F05%2Ffachada1-300x200.jpg&#038;description=%C2%BFD%C3%B3nde%20estamos%3F\" data-pin-do=\"buttonPin\" data-pin-config=\"beside\"><img src=\"\/\/assets.pinterest.com\/images\/pidgets\/pinit_fg_en_rect_gray_20.png\" \/><\/a><\/div><\/li><li class=\"share-email\"><a rel=\"nofollow noopener noreferrer\" data-shared=\"\" class=\"share-email sd-button\" href=\"mailto:?subject=%5BEntrada%20compartida%5D%20%C2%BFD%C3%B3nde%20estamos%3F&body=https%3A%2F%2Flourdesvirtual.com%2Fwebdewp%2Fdonde-estamos%2F&share=email\" target=\"_blank\" title=\"Haz clic para enviar un enlace por correo electr\u00f3nico a un amigo\" data-email-share-error-title=\"\u00bfTienes un correo electr\u00f3nico configurado?\" data-email-share-error-text=\"Si tienes problemas al compartir por correo electr\u00f3nico, es posible que sea porque no tengas un correo electr\u00f3nico configurado en tu navegador. Puede que tengas que crear un nuevo correo electr\u00f3nico t\u00fa mismo.\" data-email-share-nonce=\"39703ddc41\" data-email-share-track-url=\"https:\/\/lourdesvirtual.com\/webdewp\/donde-estamos\/?share=email\"><span>Correo electr\u00f3nico<\/span><\/a><\/li><li class=\"share-end\"><\/li><\/ul><\/div><\/div><\/div>","protected":false},"author":2,"featured_media":0,"parent":0,"menu_order":0,"comment_status":"open","ping_status":"open","template":"","meta":{"ngg_post_thumbnail":0},"jetpack_shortlink":"https:\/\/wp.me\/P5dDKC-e","jetpack_sharing_enabled":true,"jetpack_likes_enabled":true,"_links":{"self":[{"href":"https:\/\/lourdesvirtual.com\/webdewp\/wp-json\/wp\/v2\/pages\/14"}],"collection":[{"href":"https:\/\/lourdesvirtual.com\/webdewp\/wp-json\/wp\/v2\/pages"}],"about":[{"href":"https:\/\/lourdesvirtual.com\/webdewp\/wp-json\/wp\/v2\/types\/page"}],"author":[{"embeddable":true,"href":"https:\/\/lourdesvirtual.com\/webdewp\/wp-json\/wp\/v2\/users\/2"}],"replies":[{"embeddable":true,"href":"https:\/\/lourdesvirtual.com\/webdewp\/wp-json\/wp\/v2\/comments?post=14"}],"version-history":[{"count":3,"href":"https:\/\/lourdesvirtual.com\/webdewp\/wp-json\/wp\/v2\/pages\/14\/revisions"}],"predecessor-version":[{"id":397,"href":"https:\/\/lourdesvirtual.com\/webdewp\/wp-json\/wp\/v2\/pages\/14\/revisions\/397"}],"wp:attachment":[{"href":"https:\/\/lourdesvirtual.com\/webdewp\/wp-json\/wp\/v2\/media?parent=14"}],"curies":[{"name":"wp","href":"https:\/\/api.w.org\/{rel}","templated":true}]}}